{"id":6086,"date":"2025-07-10T10:03:51","date_gmt":"2025-07-10T10:03:51","guid":{"rendered":"https:\/\/www.elsuperparche.com\/blog\/?page_id=6086"},"modified":"2025-07-10T10:03:51","modified_gmt":"2025-07-10T10:03:51","slug":"como-inscribirse-en-super-patch","status":"publish","type":"page","link":"https:\/\/www.elsuperparche.com\/blog\/como-inscribirse-en-super-patch\/","title":{"rendered":"C\u00f3mo Inscribirse en Super Patch"},"content":{"rendered":"<h1 data-start=\"268\" data-end=\"305\"><strong>C\u00f3mo Inscribirse en Super Patch<\/strong><\/h1>\n<p data-start=\"307\" data-end=\"550\">\u00bfEst\u00e1s listo para formar parte del movimiento que est\u00e1 revolucionando el bienestar y las oportunidades de ingresos en todo el mundo? Unirte a Super Patch es r\u00e1pido, sencillo y el primer paso hacia una vida m\u00e1s saludable, libre y con prop\u00f3sito.<\/p>\n<hr data-start=\"552\" data-end=\"555\" \/>\n<h2 data-start=\"557\" data-end=\"606\">\u2705 Paso 1: <em><strong>Accede al Formulario de Inscripci\u00f3n en Super Patch<\/strong><\/em><\/h2>\n<p data-start=\"608\" data-end=\"714\">Haz clic en el siguiente enlace para comenzar el proceso de registro como Distribuidor o Cliente Asociado:<\/p>\n<h4 data-start=\"716\" data-end=\"831\">\ud83d\udc49 <a href=\"https:\/\/extranet.superpatch.com\/VoxxLife\/Signup\/EnrollNew.asp?repdid=111215950\" target=\"_blank\" rel=\"noopener\">Haz clic aqu\u00ed para inscribirte en Super Patch<\/a><\/h4>\n<hr data-start=\"833\" data-end=\"836\" \/>\n<h3 data-start=\"838\" data-end=\"882\">\u2705 Paso 2: <strong>Elige tu Pa\u00eds e Idioma<\/strong><\/h3>\n<p data-start=\"884\" data-end=\"936\">Selecciona:<\/p>\n<ul data-start=\"938\" data-end=\"1113\">\n<li data-start=\"938\" data-end=\"1010\">\n<p data-start=\"940\" data-end=\"1010\"><strong data-start=\"940\" data-end=\"973\">Pa\u00eds de Residencia.<\/strong> Si tu pa\u00eds no sale en el desplegable, contacta conmigo por <a href=\"https:\/\/wa.me\/34681821557\" target=\"_blank\" rel=\"noopener\">WhatsApp<\/a><\/p>\n<\/li>\n<li data-start=\"1011\" data-end=\"1113\">\n<p data-start=\"1013\" data-end=\"1113\"><strong data-start=\"1013\" data-end=\"1041\">Selecciona tu idioma.<\/strong><\/p>\n<\/li>\n<li data-start=\"1011\" data-end=\"1113\">En <strong><em>Tipo de Representante<\/em><\/strong>, selecciona <strong>Asociado<\/strong>.<\/li>\n<\/ul>\n<hr data-start=\"1217\" data-end=\"1220\" \/>\n<h3 data-start=\"1222\" data-end=\"1254\">\u2705 Paso 3: <strong>Completa tus Datos<\/strong><\/h3>\n<p data-start=\"1256\" data-end=\"1434\">Rellena el formulario con tu informaci\u00f3n personal y de contacto.<\/p>\n<ul>\n<li data-start=\"1256\" data-end=\"1434\">Aseg\u00farate de usar un correo electr\u00f3nico v\u00e1lido y activo, ya que recibir\u00e1s confirmaci\u00f3n y acceso a tu Back Office.<\/li>\n<li data-start=\"1256\" data-end=\"1434\">Escribe tu tel\u00e9fono con el prefijo del pa\u00eds.<\/li>\n<li data-start=\"1256\" data-end=\"1434\">Anota tu fecha de nacimiento formato: Mes\/D\u00eda\/A\u00f1o<\/li>\n<li data-start=\"1256\" data-end=\"1434\">En URL del sitio replicado escribe c\u00f3m\u00f3 te gustar\u00eda que se llame tu web, ejemplo: Escribe \u00abdiego2000\u00bb y tu web se llamar\u00e1: diego2000.superpatch.com<\/li>\n<\/ul>\n<hr data-start=\"1436\" data-end=\"1439\" \/>\n<h3 data-start=\"1441\" data-end=\"1482\">\u2705 Paso 4: <strong>Selecciona tu Kit de Inicio o Membres\u00eda Super Patch<\/strong><\/h3>\n<p data-start=\"1484\" data-end=\"1531\">Elige el Kit que m\u00e1s se ajuste a tus objetivos o la Membres\u00eda. En cada pa\u00eds son distintos, estos son unos ejemplos:<\/p>\n<ul data-start=\"1533\" data-end=\"1844\">\n<li data-start=\"1533\" data-end=\"1602\">\n<p data-start=\"1535\" data-end=\"1602\"><strong data-start=\"1535\" data-end=\"1554\">Kit Continental<\/strong> (Incluye Membres\u00eda) \u2013 Ideal para comenzar con una muestra b\u00e1sica.<\/p>\n<\/li>\n<li data-start=\"1603\" data-end=\"1681\">\n<p data-start=\"1605\" data-end=\"1681\"><strong data-start=\"1605\" data-end=\"1621\">Kit Champion<\/strong> (Incluye Membres\u00eda) \u2013 Recomendado para quienes quieren probar varios parches.<\/p>\n<\/li>\n<li data-start=\"1682\" data-end=\"1758\">\n<p data-start=\"1684\" data-end=\"1758\"><strong data-start=\"1684\" data-end=\"1697\">Kit Titan<\/strong> (Incluye Membres\u00eda) \u2013 Perfecto para los que quieren stock inicial para vender.<\/p>\n<\/li>\n<li data-start=\"1759\" data-end=\"1844\">\n<p data-start=\"1761\" data-end=\"1844\"><strong data-start=\"1761\" data-end=\"1777\">Kit Momentum<\/strong> (Incluye Membres\u00eda) \u2013 La mejor relaci\u00f3n valor\/cantidad si est\u00e1s comprometido en serio.<\/p>\n<\/li>\n<li data-start=\"1759\" data-end=\"1844\"><strong>Membres\u00eda<\/strong> &#8211; Una opci\u00f3n para hacer el negocio, sin incluir productos, se pueden comprar despu\u00e9s.<\/li>\n<\/ul>\n<hr data-start=\"1846\" data-end=\"1849\" \/>\n<h3 data-start=\"1851\" data-end=\"1885\">\u2705 Paso 5: <strong>Finaliza el Registro<\/strong><\/h3>\n<p data-start=\"1887\" data-end=\"2079\">Una vez que completes el pago de tu kit o member\u00eda, recibir\u00e1s acceso inmediato a tu plataforma online de Super Patch, materiales de formaci\u00f3n, sitio web replicado y herramientas para comenzar tu negocio.<\/p>\n<p data-start=\"1887\" data-end=\"2079\">\n<p style=\"text-align: center;\" data-start=\"1887\" data-end=\"2079\"><a href=\"https:\/\/extranet.superpatch.com\/VoxxLife\/Signup\/EnrollNew.asp?repdid=111215950\" target=\"_blank\" rel=\"noopener\"><img loading=\"lazy\" decoding=\"async\" class=\"aligncenter wp-image-6091 size-full\" src=\"https:\/\/www.elsuperparche.com\/blog\/wp-content\/uploads\/2025\/07\/Como-inscribirte-en-Super-Patch.-Aprende-como-convertirte-en-distribuidor-acceder-a-productos-unicos-y-empezar-a-generar-ingresos-desde-casa.png\" alt=\"C\u00f3mo inscribirte en Super Patch. Aprende c\u00f3mo convertirte en distribuidor, acceder a productos \u00fanicos y empezar a generar ingresos desde casa.\" width=\"700\" height=\"400\" srcset=\"https:\/\/www.elsuperparche.com\/blog\/wp-content\/uploads\/2025\/07\/Como-inscribirte-en-Super-Patch.-Aprende-como-convertirte-en-distribuidor-acceder-a-productos-unicos-y-empezar-a-generar-ingresos-desde-casa.png 700w, https:\/\/www.elsuperparche.com\/blog\/wp-content\/uploads\/2025\/07\/Como-inscribirte-en-Super-Patch.-Aprende-como-convertirte-en-distribuidor-acceder-a-productos-unicos-y-empezar-a-generar-ingresos-desde-casa-300x171.png 300w\" sizes=\"auto, (max-width: 700px) 100vw, 700px\" \/><\/a><\/p>\n<p data-start=\"1887\" data-end=\"2079\">\n<hr data-start=\"2081\" data-end=\"2084\" \/>\n<h2 data-start=\"2086\" data-end=\"2122\">\ud83c\udfaf <strong>\u00bfQu\u00e9 obtienes al inscribirte en Super Patch?<\/strong><\/h2>\n<p>Adem\u00e1s de tu propia tienda online para promocionar los productos:<\/p>\n<ul data-start=\"2124\" data-end=\"2380\">\n<li data-start=\"2124\" data-end=\"2179\">\n<p data-start=\"2126\" data-end=\"2179\">Acceso a los productos revolucionarios de Super Patch, a precios reducidos<\/p>\n<\/li>\n<li data-start=\"2180\" data-end=\"2248\">\n<p data-start=\"2182\" data-end=\"2248\">Plataforma digital para gestionar tu negocio desde cualquier lugar<\/p>\n<\/li>\n<li data-start=\"2249\" data-end=\"2296\">\n<p data-start=\"2251\" data-end=\"2296\">Descuentos exclusivos y promociones mensuales<\/p>\n<\/li>\n<li data-start=\"2297\" data-end=\"2335\">\n<p data-start=\"2299\" data-end=\"2335\">Formaci\u00f3n constante y acompa\u00f1amiento<\/p>\n<\/li>\n<li data-start=\"2336\" data-end=\"2380\">\n<p data-start=\"2338\" data-end=\"2380\">Posibilidad de generar ingresos residuales<\/p>\n<\/li>\n<\/ul>\n<hr data-start=\"2382\" data-end=\"2385\" \/>\n<h2 data-start=\"2387\" data-end=\"2404\">\ud83d\udd25 <strong>\u00a1\u00danete Hoy a Super Patch!<\/strong><\/h2>\n<p data-start=\"2406\" data-end=\"2646\">No est\u00e1s solo. Al inscribirte, te sumas a una comunidad de distribuidores comprometidos, apasionados y dispuestos a ayudarte a crecer.<br data-start=\"2540\" data-end=\"2543\" \/>Este es tu momento para transformar tu vida con tecnolog\u00eda de bienestar y un modelo de negocio probado.<\/p>\n<h4 data-start=\"2648\" data-end=\"2765\">\ud83d\udc49 <a class=\"cursor-pointer\" href=\"https:\/\/extranet.superpatch.com\/VoxxLife\/Signup\/EnrollNew.asp?repdid=111215950\" target=\"_blank\" rel=\"noopener\" data-start=\"2651\" data-end=\"2765\">Inscribirme ahora en Super Patch<\/a><\/h4>\n<!--CusAds0-->\n<div style=\"font-size: 0px; height: 0px; line-height: 0px; margin: 0; padding: 0; clear: both;\"><\/div>","protected":false},"excerpt":{"rendered":"<p>C\u00f3mo Inscribirse en Super Patch \u00bfEst\u00e1s listo para formar parte del movimiento que est\u00e1 revolucionando el bienestar y las oportunidades de ingresos en todo el &hellip; <\/p>\n","protected":false},"author":1,"featured_media":6089,"parent":0,"menu_order":0,"comment_status":"closed","ping_status":"closed","template":"","meta":{"footnotes":"","_links_to":"","_links_to_target":""},"class_list":["post-6086","page","type-page","status-publish","has-post-thumbnail","hentry"],"yoast_head":"<!-- This site is optimized with the Yoast SEO plugin v27.5 - https:\/\/yoast.com\/product\/yoast-seo-wordpress\/ -->\n<title>C\u00f3mo Inscribirse en Super Patch - El Super Parche - The Super Patch<\/title>\n<meta name=\"description\" content=\"\ud83d\udfe9 Unirse a Super Patch nunca fue tan f\u00e1cil. Aprende c\u00f3mo convertirte en distribuidor, acceder a productos \u00fanicos y empezar a generar ingresos desde casa.\" \/>\n<meta name=\"robots\" content=\"index, follow, max-snippet:-1, max-image-preview:large, max-video-preview:-1\" \/>\n<link rel=\"canonical\" href=\"https:\/\/www.elsuperparche.com\/blog\/como-inscribirse-en-super-patch\/\" \/>\n<meta property=\"og:locale\" content=\"es_ES\" \/>\n<meta property=\"og:type\" content=\"article\" \/>\n<meta property=\"og:title\" content=\"C\u00f3mo Inscribirse en Super Patch - El Super Parche - The Super Patch\" \/>\n<meta property=\"og:description\" content=\"\ud83d\udfe9 Unirse a Super Patch nunca fue tan f\u00e1cil. Aprende c\u00f3mo convertirte en distribuidor, acceder a productos \u00fanicos y empezar a generar ingresos desde casa.\" \/>\n<meta property=\"og:url\" content=\"https:\/\/www.elsuperparche.com\/blog\/como-inscribirse-en-super-patch\/\" \/>\n<meta property=\"og:site_name\" content=\"El Super Parche - The Super Patch\" \/>\n<meta property=\"og:image\" content=\"https:\/\/www.elsuperparche.com\/blog\/wp-content\/uploads\/2025\/07\/Como-inscribirse-en-Super-Patch.-Aprende-como-convertirte-en-distribuidor-acceder-a-productos-unicos-y-empezar-a-generar-ingresos-desde-casa.png\" \/>\n\t<meta property=\"og:image:width\" content=\"600\" \/>\n\t<meta property=\"og:image:height\" content=\"400\" \/>\n\t<meta property=\"og:image:type\" content=\"image\/png\" \/>\n<meta name=\"twitter:card\" content=\"summary_large_image\" \/>\n<meta name=\"twitter:label1\" content=\"Tiempo de lectura\" \/>\n\t<meta name=\"twitter:data1\" content=\"3 minutos\" \/>\n<script type=\"application\/ld+json\" class=\"yoast-schema-graph\">{\"@context\":\"https:\\\/\\\/schema.org\",\"@graph\":[{\"@type\":\"WebPage\",\"@id\":\"https:\\\/\\\/www.elsuperparche.com\\\/blog\\\/como-inscribirse-en-super-patch\\\/\",\"url\":\"https:\\\/\\\/www.elsuperparche.com\\\/blog\\\/como-inscribirse-en-super-patch\\\/\",\"name\":\"C\u00f3mo Inscribirse en Super Patch - El Super Parche - The Super Patch\",\"isPartOf\":{\"@id\":\"https:\\\/\\\/www.elsuperparche.com\\\/blog\\\/#website\"},\"primaryImageOfPage\":{\"@id\":\"https:\\\/\\\/www.elsuperparche.com\\\/blog\\\/como-inscribirse-en-super-patch\\\/#primaryimage\"},\"image\":{\"@id\":\"https:\\\/\\\/www.elsuperparche.com\\\/blog\\\/como-inscribirse-en-super-patch\\\/#primaryimage\"},\"thumbnailUrl\":\"https:\\\/\\\/www.elsuperparche.com\\\/blog\\\/wp-content\\\/uploads\\\/2025\\\/07\\\/Como-inscribirse-en-Super-Patch.-Aprende-como-convertirte-en-distribuidor-acceder-a-productos-unicos-y-empezar-a-generar-ingresos-desde-casa.png\",\"datePublished\":\"2025-07-10T10:03:51+00:00\",\"description\":\"\ud83d\udfe9 Unirse a Super Patch nunca fue tan f\u00e1cil. Aprende c\u00f3mo convertirte en distribuidor, acceder a productos \u00fanicos y empezar a generar ingresos desde casa.\",\"breadcrumb\":{\"@id\":\"https:\\\/\\\/www.elsuperparche.com\\\/blog\\\/como-inscribirse-en-super-patch\\\/#breadcrumb\"},\"inLanguage\":\"es\",\"potentialAction\":[{\"@type\":\"ReadAction\",\"target\":[\"https:\\\/\\\/www.elsuperparche.com\\\/blog\\\/como-inscribirse-en-super-patch\\\/\"]}]},{\"@type\":\"ImageObject\",\"inLanguage\":\"es\",\"@id\":\"https:\\\/\\\/www.elsuperparche.com\\\/blog\\\/como-inscribirse-en-super-patch\\\/#primaryimage\",\"url\":\"https:\\\/\\\/www.elsuperparche.com\\\/blog\\\/wp-content\\\/uploads\\\/2025\\\/07\\\/Como-inscribirse-en-Super-Patch.-Aprende-como-convertirte-en-distribuidor-acceder-a-productos-unicos-y-empezar-a-generar-ingresos-desde-casa.png\",\"contentUrl\":\"https:\\\/\\\/www.elsuperparche.com\\\/blog\\\/wp-content\\\/uploads\\\/2025\\\/07\\\/Como-inscribirse-en-Super-Patch.-Aprende-como-convertirte-en-distribuidor-acceder-a-productos-unicos-y-empezar-a-generar-ingresos-desde-casa.png\",\"width\":600,\"height\":400,\"caption\":\"C\u00f3mo inscribirse en Super Patch. Aprende c\u00f3mo convertirte en distribuidor, acceder a productos \u00fanicos y empezar a generar ingresos desde casa.\"},{\"@type\":\"BreadcrumbList\",\"@id\":\"https:\\\/\\\/www.elsuperparche.com\\\/blog\\\/como-inscribirse-en-super-patch\\\/#breadcrumb\",\"itemListElement\":[{\"@type\":\"ListItem\",\"position\":1,\"name\":\"Home\",\"item\":\"https:\\\/\\\/www.elsuperparche.com\\\/blog\\\/\"},{\"@type\":\"ListItem\",\"position\":2,\"name\":\"C\u00f3mo Inscribirse en Super Patch\"}]},{\"@type\":\"WebSite\",\"@id\":\"https:\\\/\\\/www.elsuperparche.com\\\/blog\\\/#website\",\"url\":\"https:\\\/\\\/www.elsuperparche.com\\\/blog\\\/\",\"name\":\"El Super Parche - The Super Patch\",\"description\":\"C&oacute;mo Comprar Super Patch y el Hacer Negocio Network Marketing de los Super Parches\",\"publisher\":{\"@id\":\"https:\\\/\\\/www.elsuperparche.com\\\/blog\\\/#organization\"},\"potentialAction\":[{\"@type\":\"SearchAction\",\"target\":{\"@type\":\"EntryPoint\",\"urlTemplate\":\"https:\\\/\\\/www.elsuperparche.com\\\/blog\\\/?s={search_term_string}\"},\"query-input\":{\"@type\":\"PropertyValueSpecification\",\"valueRequired\":true,\"valueName\":\"search_term_string\"}}],\"inLanguage\":\"es\"},{\"@type\":\"Organization\",\"@id\":\"https:\\\/\\\/www.elsuperparche.com\\\/blog\\\/#organization\",\"name\":\"El Super Parche - The Super Patch\",\"url\":\"https:\\\/\\\/www.elsuperparche.com\\\/blog\\\/\",\"logo\":{\"@type\":\"ImageObject\",\"inLanguage\":\"es\",\"@id\":\"https:\\\/\\\/www.elsuperparche.com\\\/blog\\\/#\\\/schema\\\/logo\\\/image\\\/\",\"url\":\"https:\\\/\\\/www.elsuperparche.com\\\/blog\\\/wp-content\\\/uploads\\\/2024\\\/08\\\/cropped-cropped-Logo-Super-Parche-Blog.png\",\"contentUrl\":\"https:\\\/\\\/www.elsuperparche.com\\\/blog\\\/wp-content\\\/uploads\\\/2024\\\/08\\\/cropped-cropped-Logo-Super-Parche-Blog.png\",\"width\":413,\"height\":314,\"caption\":\"El Super Parche - The Super Patch\"},\"image\":{\"@id\":\"https:\\\/\\\/www.elsuperparche.com\\\/blog\\\/#\\\/schema\\\/logo\\\/image\\\/\"}}]}<\/script>\n<!-- \/ Yoast SEO plugin. -->","yoast_head_json":{"title":"C\u00f3mo Inscribirse en Super Patch - El Super Parche - The Super Patch","description":"\ud83d\udfe9 Unirse a Super Patch nunca fue tan f\u00e1cil. Aprende c\u00f3mo convertirte en distribuidor, acceder a productos \u00fanicos y empezar a generar ingresos desde casa.","robots":{"index":"index","follow":"follow","max-snippet":"max-snippet:-1","max-image-preview":"max-image-preview:large","max-video-preview":"max-video-preview:-1"},"canonical":"https:\/\/www.elsuperparche.com\/blog\/como-inscribirse-en-super-patch\/","og_locale":"es_ES","og_type":"article","og_title":"C\u00f3mo Inscribirse en Super Patch - El Super Parche - The Super Patch","og_description":"\ud83d\udfe9 Unirse a Super Patch nunca fue tan f\u00e1cil. Aprende c\u00f3mo convertirte en distribuidor, acceder a productos \u00fanicos y empezar a generar ingresos desde casa.","og_url":"https:\/\/www.elsuperparche.com\/blog\/como-inscribirse-en-super-patch\/","og_site_name":"El Super Parche - The Super Patch","og_image":[{"width":600,"height":400,"url":"https:\/\/www.elsuperparche.com\/blog\/wp-content\/uploads\/2025\/07\/Como-inscribirse-en-Super-Patch.-Aprende-como-convertirte-en-distribuidor-acceder-a-productos-unicos-y-empezar-a-generar-ingresos-desde-casa.png","type":"image\/png"}],"twitter_card":"summary_large_image","twitter_misc":{"Tiempo de lectura":"3 minutos"},"schema":{"@context":"https:\/\/schema.org","@graph":[{"@type":"WebPage","@id":"https:\/\/www.elsuperparche.com\/blog\/como-inscribirse-en-super-patch\/","url":"https:\/\/www.elsuperparche.com\/blog\/como-inscribirse-en-super-patch\/","name":"C\u00f3mo Inscribirse en Super Patch - El Super Parche - The Super Patch","isPartOf":{"@id":"https:\/\/www.elsuperparche.com\/blog\/#website"},"primaryImageOfPage":{"@id":"https:\/\/www.elsuperparche.com\/blog\/como-inscribirse-en-super-patch\/#primaryimage"},"image":{"@id":"https:\/\/www.elsuperparche.com\/blog\/como-inscribirse-en-super-patch\/#primaryimage"},"thumbnailUrl":"https:\/\/www.elsuperparche.com\/blog\/wp-content\/uploads\/2025\/07\/Como-inscribirse-en-Super-Patch.-Aprende-como-convertirte-en-distribuidor-acceder-a-productos-unicos-y-empezar-a-generar-ingresos-desde-casa.png","datePublished":"2025-07-10T10:03:51+00:00","description":"\ud83d\udfe9 Unirse a Super Patch nunca fue tan f\u00e1cil. Aprende c\u00f3mo convertirte en distribuidor, acceder a productos \u00fanicos y empezar a generar ingresos desde casa.","breadcrumb":{"@id":"https:\/\/www.elsuperparche.com\/blog\/como-inscribirse-en-super-patch\/#breadcrumb"},"inLanguage":"es","potentialAction":[{"@type":"ReadAction","target":["https:\/\/www.elsuperparche.com\/blog\/como-inscribirse-en-super-patch\/"]}]},{"@type":"ImageObject","inLanguage":"es","@id":"https:\/\/www.elsuperparche.com\/blog\/como-inscribirse-en-super-patch\/#primaryimage","url":"https:\/\/www.elsuperparche.com\/blog\/wp-content\/uploads\/2025\/07\/Como-inscribirse-en-Super-Patch.-Aprende-como-convertirte-en-distribuidor-acceder-a-productos-unicos-y-empezar-a-generar-ingresos-desde-casa.png","contentUrl":"https:\/\/www.elsuperparche.com\/blog\/wp-content\/uploads\/2025\/07\/Como-inscribirse-en-Super-Patch.-Aprende-como-convertirte-en-distribuidor-acceder-a-productos-unicos-y-empezar-a-generar-ingresos-desde-casa.png","width":600,"height":400,"caption":"C\u00f3mo inscribirse en Super Patch. Aprende c\u00f3mo convertirte en distribuidor, acceder a productos \u00fanicos y empezar a generar ingresos desde casa."},{"@type":"BreadcrumbList","@id":"https:\/\/www.elsuperparche.com\/blog\/como-inscribirse-en-super-patch\/#breadcrumb","itemListElement":[{"@type":"ListItem","position":1,"name":"Home","item":"https:\/\/www.elsuperparche.com\/blog\/"},{"@type":"ListItem","position":2,"name":"C\u00f3mo Inscribirse en Super Patch"}]},{"@type":"WebSite","@id":"https:\/\/www.elsuperparche.com\/blog\/#website","url":"https:\/\/www.elsuperparche.com\/blog\/","name":"El Super Parche - The Super Patch","description":"C&oacute;mo Comprar Super Patch y el Hacer Negocio Network Marketing de los Super Parches","publisher":{"@id":"https:\/\/www.elsuperparche.com\/blog\/#organization"},"potentialAction":[{"@type":"SearchAction","target":{"@type":"EntryPoint","urlTemplate":"https:\/\/www.elsuperparche.com\/blog\/?s={search_term_string}"},"query-input":{"@type":"PropertyValueSpecification","valueRequired":true,"valueName":"search_term_string"}}],"inLanguage":"es"},{"@type":"Organization","@id":"https:\/\/www.elsuperparche.com\/blog\/#organization","name":"El Super Parche - The Super Patch","url":"https:\/\/www.elsuperparche.com\/blog\/","logo":{"@type":"ImageObject","inLanguage":"es","@id":"https:\/\/www.elsuperparche.com\/blog\/#\/schema\/logo\/image\/","url":"https:\/\/www.elsuperparche.com\/blog\/wp-content\/uploads\/2024\/08\/cropped-cropped-Logo-Super-Parche-Blog.png","contentUrl":"https:\/\/www.elsuperparche.com\/blog\/wp-content\/uploads\/2024\/08\/cropped-cropped-Logo-Super-Parche-Blog.png","width":413,"height":314,"caption":"El Super Parche - The Super Patch"},"image":{"@id":"https:\/\/www.elsuperparche.com\/blog\/#\/schema\/logo\/image\/"}}]}},"_links":{"self":[{"href":"https:\/\/www.elsuperparche.com\/blog\/wp-json\/wp\/v2\/pages\/6086","targetHints":{"allow":["GET"]}}],"collection":[{"href":"https:\/\/www.elsuperparche.com\/blog\/wp-json\/wp\/v2\/pages"}],"about":[{"href":"https:\/\/www.elsuperparche.com\/blog\/wp-json\/wp\/v2\/types\/page"}],"author":[{"embeddable":true,"href":"https:\/\/www.elsuperparche.com\/blog\/wp-json\/wp\/v2\/users\/1"}],"replies":[{"embeddable":true,"href":"https:\/\/www.elsuperparche.com\/blog\/wp-json\/wp\/v2\/comments?post=6086"}],"version-history":[{"count":5,"href":"https:\/\/www.elsuperparche.com\/blog\/wp-json\/wp\/v2\/pages\/6086\/revisions"}],"predecessor-version":[{"id":6093,"href":"https:\/\/www.elsuperparche.com\/blog\/wp-json\/wp\/v2\/pages\/6086\/revisions\/6093"}],"wp:featuredmedia":[{"embeddable":true,"href":"https:\/\/www.elsuperparche.com\/blog\/wp-json\/wp\/v2\/media\/6089"}],"wp:attachment":[{"href":"https:\/\/www.elsuperparche.com\/blog\/wp-json\/wp\/v2\/media?parent=6086"}],"curies":[{"name":"wp","href":"https:\/\/api.w.org\/{rel}","templated":true}]}}